i(g)?
-4
Let w(x) be the second derivative of -x**3/6 - 7*x**2 - 412*x. Calculate w(-14).
0
Let x(t) = -t**2 - 8*t - 5. Let o(p) = -6*p + 17. Let v be o(4). Determine x(v).
2
Let m(c) = 2*c**2 + 4*c + 3. Suppose -3*x - 5*t + 2*t - 21 = 0, 3*x + 20 = -4*t. Let z be x + 135/18 - (-6)/(-4). Calculate m(z).
3
Let b(n) = 0*n**3 + n + n**3 + 0*n**3 - 9*n**2 - 11. Let p be (-11)/99 + (0 - 246/(-27)). Determine b(p).
-2
Let l(v) = 97*v - v**2 + 92*v + 5 - 189*v. Let j = 2 - 4. Let m be 1 + 0 + 2/j. What is l(m)?
5
Let r(u) = -3*u + 32. Let m(d) = -4*d + 46. Let a(z) = -5*m(z) + 7*r(z). Calculate a(-11).
5
Let r(o) be the third derivative of o**6/120 - o**5/12 - o**4/3 + 4*o**3/3 - o**2. Let c be -1*(-4)/4 + 5. What is r(c)?
-4
Let r(z) = -3*z**3 - 5*z**2 - z. Let j(w) = w**3 - w - 1. Let v(o) = -2*j(o) - r(o). Let c be v(-4). Let t(b) = b**2 - 5*b - 4. What is t(c)?
2
Let q(l) = 4 - 590*l**3 + 15*l**2 + 14*l + 1182*l**3 - 591*l**3. What is q(-14)?
4
Let t(m) be the second derivative of -m**4/12 - 5*m**3/6 + 4*m**2 - 437*m. Give t(-6).
2
Let m(x) be the second derivative of -x**3 - 7*x**2/2 - 11*x. Let c(n) = 7*n + 8. Let i(h) = 5*c(h) + 6*m(h). Let b be 11/2 + (-2)/4. Give i(b).
-7
Let o(w) = -10*w**3 + 22*w**2 - 3*w + 1. Let q(m) = 7*m**3 - 15*m**2 + 2*m - 1. Let s(k) = -5*o(k) - 7*q(k). Let r = -307 + 312. Give s(r).
7
Let m(i) = 516 - 172 - 173 - i**2 - 171 + 6*i. Suppose -2*u - 2*p = -7*p - 34, 0 = -4*p - 16. Calculate m(u).
-7
Let b(z) = 8*z**3 - 2*z - 1. Let n be -4*6*2/(-16). Suppose -4*f = n*y - 6 - 30, 0 = -5*y - f + 43. Let q(a) = 2*a**2 - 17*a + 7. Let k be q(y). Give b(k).
-7
Let s(v) = 2*v**2 - 18*v - 13. Let t be (15/(-9))/(54/(-324)). What is s(t)?
7
Let m(p) = p + 2. Let n(c) = -5*c - 4. Let t(g) = -4*m(g) - n(g). Let r = 7 - 4. Calculate t(r).
-1
Let f(i) = 20 + 10*i**2 - 2*i + 0 - 445*i**3 + 444*i**3. Determine f(10).
0
Suppose 0 = 4*s + s - 20. Suppose 5*a - 3 - 13 = -4*r, -2*a - r = -s. Let f(v) = -4*v**3 + 0 + 3*v**3 + 4 + v**2 + v. Give f(a).
4
Let p(o) = o**2 - 4*o - 3. Let w = 27 - 20. Let d(u) = u**3 - 6*u**2 - 7*u + 9. Let x be d(w). Suppose -y = 2*y - 15, x = -g + 3*y. Calculate p(g).
9
Let v(r) = -4*r**2 + 29*r - 7. Let l(z) = -z**2 + 7*z. Let y(s) = 5*l(s) - v(s). Let f be ((-2)/1)/(2/(-6)). Calculate y(f).
7
Let w(o) = 9 - 15 + o**2 - 10 - 15. What is w(0)?
-31
Let z(k) = -k - 2. Let n = 11 - 12. Let u be (3 - (-2 - -4)) + -6 + n. Determine z(u).
4
Let z(c) = c**2 - 6*c - 4. Let d(g) = g**2 - 5*g. Let x be 75/2 + 4/8. Suppose -3*l + x = 3*j + 2*l, 0 = -5*j - l + 34. Let v be d(j). What is z(v)?
-4
Let f be (((-30)/(-75))/((-1)/(-15)))/(-2). Let m(h) = h**3 + h**2 - h + 4. Calculate m(f).
-11
Let w(o) = -o**3 + 5*o**2 - 4. Let c be 1/3 - (-1)/((-12)/304). Let h be (-8)/14 - (-1)/(-7)*c. Calculate w(h).
14
Let v(f) = 2*f + 1. Let n(l) = 7*l + 21. Let d = 79 + -82. Let j(a) = d*v(a) + n(a). What is j(0)?
18
Let y(x) = 2*x + 0 - 2 + 4*x**2 + 1. Suppose o = o + o. Suppose o = -6*d + 2*d + 4. What is y(d)?
5
Suppose -3*z + 3*l = -5*z + 13, 0 = l - 3. Let v(s) = -z*s - 2*s + s**2 - 11*s + 4*s + 4. Determine v(10).
-6
Let t(h) = h**3 + 10*h**2. Let z be t(-10). Let f(o) = 5 - 3*o**2 - 36 + 0*o**2 + 2*o**2 + 16. What is f(z)?
-15
Let j(b) = b - 22. Let r be j(23). Let f(l) = -7*l**3 + l - 2. What is f(r)?
-8
Let z(y) be the third derivative of y**6/120 - y**5/10 + 7*y**4/24 - y**3 - 201*y**2. Let b(h) = 2*h - 4*h - 3 - 2. Let c be b(-5). Give z(c).
4
Let d be (-15)/45 + 14/6. Let s(p) = 80 - 90 + d*p - 3*p. Determine s(-5).
-5
Let v(r) = -2*r**2 - 2*r + 1. Suppose w = 2*b - 3*b, 2*w - 3*b + 15 = 0. Let o be 1 - 2 - (3 + w). Let q be (3 + -1*4)/o. Determine v(q).
-3
Let w(l) be the third derivative of -l**6/120 - l**5/15 + 5*l**4/24 + l**3/3 + 177*l**2. Calculate w(-4).
-18
Suppose -w + 5*q = 10, -4*w = 2*q - 3*q + 2. Suppose w = 5*b - 8 - 2, 0 = -2*i + 4*b - 20. Let s(d) = d + 5. Determine s(i).
-1
Let c(z) be the second derivative of 6 + 2*z + 7/2*z**2 - z**3 - 1/12*z**4. What is c(-8)?
-9
Suppose 9*p - 6 = 7*p. Let l(g) = 1 + 16*g - 6*g + g**2 - 11*g. Calculate l(p).
7
Suppose 5*z + 14 + 1 = -a, z = -5. Let b(t) = 1 - t**2 + 10*t + 2 + 5. What is b(a)?
8
Let h be (-1)/(2 + 105/(-51)). Let p(w) = -12*w - 3*w**2 + 4*w**2 - 6 + h*w. What is p(-6)?
0
Let t = -36 - -48. Suppose 3*i = t, -45 + 13 = 2*r - 5*i. Let y(x) be the first derivative of -x**3/3 - 3*x**2 - 6*x - 2. Give y(r).
-6
Suppose -133 = -7*n - 168. Let v(i) = i**2 + 7*i. Calculate v(n).
-10
Suppose -k + 5*k + 5*l = -4, -4*l = 3*k + 2. Let c(d) = d**2 + 7*d + 9. Give c(k).
3
Let r(t) = t**3 + 6*t**2 + 5*t + 5. Let w be r(-5). Let o be (0/(2/1))/1. Let m = o + w. Let i(s) = -s + 11. What is i(m)?
6
Let u(b) be the third derivative of 5/24*b**4 - 15*b**2 + 0 + 1/3*b**3 - 1/120*b**6 - 1/30*b**5 + 0*b. Calculate u(-3).
-4
Let u(h) = 10*h + 101. Let f be u(-10). Let l(c) be the second derivative of 5*c**4/3 - c**3/6 - 3*c. Calculate l(f).
19
Let y be 4/(0 + -1) + 1. Let f(r) = r**2 - 3*r - 2. Let g(b) = -2*b**2 + 2*b. Let a(v) = 3*f(v) + 2*g(v). Let h be a(y). Let q(n) = n + 6. Calculate q(h).
6
Let v(c) = -2. Let j(l) = -l**3 - 10*l**2 - 2*l - 7. Let w(m) = j(m) + 2*v(m). Calculate w(-10).
9
Let x(g) = -g**3 - 7*g**2 - 8*g - 8. Let q be x(-6). Let y(l) = 5 + q*l - 1 + l**2 + 6*l - 11*l. What is y(4)?
16
Let c(p) = -4*p + 2*p**2 + 1 - 3 - 3. Suppose -a = -5*k - 262, -k + a - 56 = 2*a. Let s = k + 57. Give c(s).
11
Let l = 10 + -7. Let d(m) = -8*m - l + 3. Let z be ((-1)/5)/(47/235). Calculate d(z).
8
Let i be (1*-1)/((-2)/(-6)). Let l(w) = -4*w**2 - 3*w**2 - 3*w**2 + 2 + 8*w**2. Let f(k) = -k. Let r(g) = f(g) + l(g). Calculate r(i).
-13
Let t(n) = 5*n + 4*n - 4*n + 2. Suppose -6*f - 5*f - 99 = 0. Let k(z) = -21*z - 7. Let x(w) = f*t(w) - 2*k(w). Calculate x(-5).
11
Let i(u) = -u**2 - 7. Suppose 8 = 4*s - b - 8, -3*s - 5*b = 11. Suppose -2*w - s = l - w, 5*w = -l - 15. Give i(l).
-7
Let n(z) = z**3 - 9*z**2 + 6*z + 1. Let w = 361 + -353. Determine n(w).
-15
Suppose 9 = 3*c + 3*p, 5*p = 3*c + c - 30. Suppose -7 = -3*b + c. Let n(u) = -5*u + 2 + 4*u - u + 0*u. Determine n(b).
-6
Let j(t) be the second derivative of t**5/120 + t**4/24 - 47*t**3/6 - 25*t. Let k(d) be the second derivative of j(d). Calculate k(6).
7
Let y(t) be the first derivative of -39 - 1/2*t**2 + 0*t. Calculate y(3).
-3
Suppose 4*h + c - 11 = 0, -4*c = h - 2*c - 8. Let g(x) = -2*x - h*x**2 + 11 + 5*x - x**3 - 14. Determine g(-3).
-3
Suppose -h - 2 = 1. Let x(p) = -2*p - 3. Let u(c) = 2*c + 4. Let s(q) = 4*u(q) + 5*x(q). What is s(h)?
7
Let z(y) = 3*y - 28*y**2 + 14*y**2 + 3 + y**3 + 17*y**2. Let m = -9 - -6. Determine z(m).
-6
Let i be (-104)/(-28) - 4/(-14). Let j(x) = x**3 - x + 3 + i*x - x + x**2 - 4*x. Give j(2).
11
Let o(c) = -3*c - 5 - 1 + 4*c. Let b(i) = i**3 + 15*i**2 + 28*i + 29. Let q be b(-13). Suppose y = 3*p - 5 - q, -y + 4*p = 13. What is o(y)?
1
Let m be (-3)/(-2)*4/(-6). Let i = 37 + -35. Let r(v) = i*v**2 - v**3 + 0*v**2 - v - 7*v**2 + 4*v**2. Give r(m).
1
Let d(s) = 8*s**3 + 23*s**2 + 28*s - 37. Let t(q) = -3*q**3 - 8*q**2 - 10*q + 13. Let o(y) = -4*d(y) - 11*t(y). Determine o(4).
-3
Let p(m) = m**2 + 6*m - 1. Let w be -4*(10 - (1 + 7)). Give p(w).
15
Suppose 2*t - 3*t = 5*j - 69, 59 = 3*j + 5*t. Let f(r) = -28*r + 9*r + 2 + 8*r + j*r. What is f(3)?
8
Let d(p) = -p - 26. Let q(h) = 14*h - 108. Let r be q(7). Calculate d(r).
-16
Suppose 46 = d + 7. Let t = -28 + d. Let l(i) = i**2 + i**3 - 4*i + i + 4*i + 0*i**3 + t. Determine l(0).
11
Let d = 56 - 24. Let b = -26 + d. Let k(z) = 2*z - 3. Give k(b).
9
Let i(l) = l - 1. Let f be i(-2). Let c(o) be the second derivative of o**3/6 - o**2/2 - 4*o. Let j be c(f). Let x(t) = 3*t + 6. Determine x(j).
-6
Let c(f) be the third derivative of 7*f**6/120 + f**5/60 - f**4/24 - f**3/6 + 4*f**2 - 47. Determine c(-1).
-6
Let g(t) be the third derivative of t**5/60 + t**4/6 + t**3/3 + 17*t**2 - t. Calculate g(-3).
-1
Suppose 0 = 3*u + 2*q - 0*q - 11, -5*u + 16 = q. Let x(r) = -2 - 1 + 3*r + 3 - 4. What is x(u)?
5
Let f(z) = -6*z**2 - 14*z - 1. Let i(w) = -5*w**2 - 13*w + 1. Let v(q) = 4*f(q) - 5*i(q). Determine v(-11).
13
Let d = -913 - -905. Let c(h) = 3*h**2 + 10*h + 10. Let t(r) = -16*r**2 - 50*r - 51. Let p(i) = 11*c(i) + 2*t(i). Determine p(d).
-8
Let